2c944 - 0?
-b72c944
In base 13, what is c7b - 49?
c32
In base 6, what is -3 - 32402125?
-32402132
In base 5, what is 213 - 2003234?
-2003021
In base 12, what is 22b + -39520?
-392b1
In base 8, what is -11231046 + 14?
-11231032
In base 8, what is 7 - 2361164?
-2361155
In base 4, what is 1013033330 - -2?
1013033332
In base 8, what is 276561263 - -13?
276561276
In base 9, what is 6526 + 737?
7364
In base 4, what is 100323001010 - -11?
100323001021
In base 3, what is 120 - -1100022121022122?
1100022121100012
In base 12, what is -b4 + -1a8528?
-1a8620
In base 3, what is 2020102200111200 + -1?
2020102200111122
In base 7, what is 16142 + -6455?
6354
In base 8, what is -36 - 1347305?
-1347343
In base 16, what is -18 - 445a8f?
-445aa7
In base 5, what is -20323420 + 1434?
-20321431
In base 11, what is 6005725 + 2?
6005727
In base 9, what is -108716 - -1801?
-106815
In base 6, what is -24411 + -53133?
-121544
In base 9, what is -62366447 + 0?
-62366447
In base 12, what is -ba9a6a + -a?
-ba9a78
In base 15, what is 4 - 206707?
-206703
In base 4, what is 211132102 - -11?
211132113
In base 8, what is 24000461 - -32?
24000513
In base 7, what is -105502242 + 223?
-105502016
In base 9, what is 0 - -214711?
214711
In base 3, what is -11 - 22000001220201?
-22000001220212
In base 12, what is -208403 + 29?
-208396
In base 15, what is -268d8 - -88?
-26850
In base 16, what is -155 - -e1be?
e069
In base 13, what is 0 - 173b828?
-173b828
In base 7, what is -3 + -65162341?
-65162344
In base 11, what is -45511 + -36?
-45547
In base 14, what is 4 - 1dabc1a?
-1dabc16
In base 15, what is -18 - ed0bc?
-ed0d5
In base 8, what is -1662513405 - 3?
-1662513410
In base 15, what is 72b - -2872?
309d
In base 5, what is 332132 - -31403?
414040
In base 5, what is 14044213404041 - -1?
14044213404042
In base 2, what is -100111001010 - 101111110100?
-1010110111110
In base 14, what is -15a32c + -38?
-15a366
In base 8, what is 1060 - -6464?
7544
In base 7, what is -14540550 - 252?
-14541132
In base 7, what is 126512314 - 0?
126512314
In base 4, what is -23302 + 3303211?
3213303
In base 2, what is -10101000110111101110110101110 + 100?
-10101000110111101110110101010
In base 14, what is -3 + -69bdcdc?
-69bdd01
In base 13, what is -19 + -108a44?
-108a60
In base 12, what is -1a - 69baab?
-69bb09
In base 14, what is -777dc + 56?
-77786
In base 12, what is 450 + 24ba?
294a
In base 10, what is 4 - -23202370?
23202374
In base 12, what is 418313366 - -1?
418313367
In base 11, what is -49 + -2a077?
-2a115
In base 2, what is -10010101010 - -110111011001?
100100101111
In base 3, what is 12222022000 - -22?
12222022022
In base 2, what is 1111000100100101001 + 10?
1111000100100101011
In base 2, what is -10110011000001100111110100 - -1?
-10110011000001100111110011
In base 8, what is -1211013 + 5?
-1211006
In base 3, what is -102012 - 111112101002?
-111112210021
In base 12, what is -a + 11166a46?
11166a38
In base 16, what is b47 - -1a9a1?
1b4e8
In base 14, what is 4c7 + 295b?
3044
In base 2, what is 1011000000011 - 1010101010100011?
-1001010010100000
In base 13, what is 13 - 6a21c?
-6a209
In base 3, what is -11 - 110101101020101?
-110101101020112
In base 12, what is -1a682 + -887?
-1b349
In base 6, what is 524111 + -14?
524053
In base 8, what is -10213620 - -22?
-10213576
In base 10, what is 150 + 23671?
23821
In base 7, what is 563414023 + 3?
563414026
In base 2, what is -10011 + -10110011011101000110?
-10110011011101011001
In base 5, what is 400010 + -20114?
324341
In base 9, what is -24 - 155133?
-155157
In base 11, what is -57a45522 - 3?
-57a45525
In base 14, what is 16 - 4c480?
-4c468
In base 7, what is 3402140 - -15?
3402155
In base 4, what is 1233 + -233300022?
-233232123
In base 10, what is 3077 - 40046?
-36969
In base 16, what is -25ea + -b2ae?
-d898
In base 3, what is -10011100012020 + -2201?
-10011100021221
In base 11, what is -3330a3 + -aa?
-3331a2
In base 16, what is 9 - 2043141?
-2043138
In base 8, what is 1 - -125636001?
125636002
In base 7, what is 10544 + 14655?
25532
In base 6, what is 513104 + 114221?
1031325
In base 16, what is 5 + -a7a2e8f?
-a7a2e8a
In base 9, what is -207527225 - 5?
-207527231
In base 3, what is 1012222 - -1002220201?
1011010200
In base 7, what is -1 - 10062144?
-10062145
In base 5, what is 10 - 120103224114?
-120103224104
In base 6, what is -2400131131 - 4?
-2400131135
In base 11, what is 27561 + 605?
28066
In base 12, what is -2790244 + -a?
-2790252
In base 14, what is 1 + -95d63b?
-95d63a
In base 8, what is 466 + 6265?
6753
In base 10, what is 123716635 + -2?
123716633
In base 11, what is -15a0 - -1291?
-30a
In base 13, what is 12 + -27182?
-27170
In base 8, what is 1167040 + 72?
1167132
In base 8, what is -16063470454 + -1?
-16063470455
In base 10, what is 66682192 + -3?
66682189
In base 9, what is 7254 - 14448?
-6184
In base 5, what is 20320002212 + -10?
20320002202
In base 4, what is -10 + 102232303330210?
102232303330200
In base 5, what is 0 + -311144342413?
-311144342413
In base 16, what is -15 - -15b03f?
15b02a
In base 7, what is -13013531 + -11?
-13013542
In base 12, what is 7b955 - -1a18?
81771
In base 10, what is -3 - -626485?
626482
In base 8, what is 246133125 - 2?
246133123
In base 14, what is 5dad4bb + -5?
5dad4b6
In base 2, what is -100 - 110110011101000101010?
-110110011101000101110
In base 5, what is -11 + -21213334103?
-21213334114
In base 2, what is -1001100001000100 - 100110101?
-1001100101111001
In base 16, what is -4 - -389088e?
389088a
In base 4, what is 203011120120 - 3?
203011120111
In base 9, what is 4 - -127117322?
127117326
In base 13, what is -15cb - -9b4?
-917
In base 12, what is -1a0036b - -2?
-1a00369
In base 12, what is 453 + 47360?
477b3
In base 9, what is 282 + 1067765?
1068157
In base 13, what is -20c + 3754?
3545
In base 2, what is -1111000001100001101001111001 - 11?
-1111000001100001101001111100
In base 11, what is -21359 - -1a51?
-1a408
In base 14, what is -633b - -d0b?
-5430
In base 11, what is 15 + -27044?
-2702a
In base 13, what is a5 - 1ac912?
-1ac83a
In base 14, what is 1c4a5d5 + 0?
1c4a5d5
In base 16, what is 98d34e + -8?
98d346
In base 12, what is -4815 + 14157?
b542
In base 14, what is -1a + 1510d26?
1510d0a
In base 10, what is -9769 - 294?
-10063
In base 15, what is -3 + 3d6d6d4?
3d6d6d1
In base 5, what is 31240 - 23433023?
-23401233
In base 12, what is 8 - -2b96?
2ba2
In base 13, what is 1158aa - ab?
1157cc
In base 12, what is -256100 + 6?
-2560b6
In base 4, what is 1111 - 2221110203?
-2221103032
In base 16, what is -33122 - 4e9?
-3360b
In base 10, what is -31740 - -398?
-31342
In base 11, what is -5 - 1943a87?
-1943a91
In base 5, what is 4 - 132130431243?
-132130431234
In base 13, what is 15 - -2020bb7?
2020bcc
In base 10, what is -3509 + -26053?
-29562
In base 8, what is 135644700 + 15?
135644715
In base 6, what is 523144 - -20?
523204
In base 4, what is 131313320232 + 132?
131313321030
In base 14, what is -158a1 + 3c?
-15863
In base 11, what is -814196 + 10?
-814186
In base 9, what is 641 + -241663?
-241022
In base 2, what is 100 - -100010010010111000111?
100010010010111001011
In base 6, what is 412 - 10413241?
-10412425
In base 8, what is -5 + 25404317?
25404312
In base 9, what is 162 - 2878171?
-2878008
In base 7, what is -1464 + -22251?
-24045
In base 3, what is 12200020 - -210211020?
1000111110
In base 2, what is -1000100000000 + 111101000111?
-110111001
In base 8, what is 34301031 + -2?
34301027
In base 3, what is 202001221100 - -22022?
202002020122
In base 3, what is -2222 + -12022212212?
-12022222211
In base 9, what is -517 - -1106031?
1105413
In base 2, what is 10000 - -11011010111011100?
11011010111101100
In base 13, what is 2 - 2a2328a?
-2a23288
In base 13, what is -cb8c97 + 2b?
-cb8c69
In base 4, what is -33121023 + 2011?
-33113012
In base 6, what is -44 + 2112020?
2111532
In base 13, what is -14179 + -39a?
-14546
In base 16, what is -7c - -ff18?
fe9c
In base 10, what is 280 + -8297?
-8017
In base 5, what is 20131330 - -1401?
20133231
In base 5, what is 23022023 - -4414?
23031442
In base 8, what is 16 + 5057006?
5057024
In base 10, what is 5 - -101134377?
101134382
In base 16, what is -1233c7 + -226?
-1235ed
In base 12, what is b + 117879a?
11787a9
In base 11, what is 21 + -6a6a9?
-6a688
In base 13, 